{"id":313,"date":"2024-04-04T11:09:50","date_gmt":"2024-04-04T09:09:50","guid":{"rendered":"https:\/\/afmmetallerie.fr\/?page_id=313"},"modified":"2024-05-12T16:01:36","modified_gmt":"2024-05-12T14:01:36","slug":"secteurs-dactivites","status":"publish","type":"page","link":"https:\/\/afmmetallerie.fr\/index.php\/secteurs-dactivites\/","title":{"rendered":"Secteurs d&rsquo;activit\u00e9s"},"content":{"rendered":"\t\t<div data-elementor-type=\"wp-page\" data-elementor-id=\"313\" class=\"elementor elementor-313\">\n\t\t\t\t<div class=\"elementor-element elementor-element-8d06de5 e-flex e-con-boxed e-con e-parent\" data-id=\"8d06de5\" data-element_type=\"container\">\n\t\t\t\t\t<div class=\"e-con-inner\">\n\t\t\t\t<div class=\"elementor-element elementor-element-21f53ca elementor-widget elementor-widget-heading\" data-id=\"21f53ca\" data-element_type=\"widget\" data-widget_type=\"heading.default\">\n\t\t\t\t<div class=\"elementor-widget-container\">\n\t\t\t<style>\/*! elementor - v3.21.0 - 25-04-2024 *\/\n.elementor-heading-title{padding:0;margin:0;line-height:1}.elementor-widget-heading .elementor-heading-title[class*=elementor-size-]>a{color:inherit;font-size:inherit;line-height:inherit}.elementor-widget-heading .elementor-heading-title.elementor-size-small{font-size:15px}.elementor-widget-heading .elementor-heading-title.elementor-size-medium{font-size:19px}.elementor-widget-heading .elementor-heading-title.elementor-size-large{font-size:29px}.elementor-widget-heading .elementor-heading-title.elementor-size-xl{font-size:39px}.elementor-widget-heading .elementor-heading-title.elementor-size-xxl{font-size:59px}<\/style><h2 class=\"elementor-heading-title elementor-size-default\">Notre entreprise est sp\u00e9cialis\u00e9es dans plusieurs secteurs d'activit\u00e9s. <\/h2>\t\t<\/div>\n\t\t\t\t<\/div>\n\t\t\t\t\t<\/div>\n\t\t\t\t<\/div>\n\t\t<div class=\"elementor-element elementor-element-4f46691 e-flex e-con-boxed e-con e-parent\" data-id=\"4f46691\" data-element_type=\"container\">\n\t\t\t\t\t<div class=\"e-con-inner\">\n\t\t<div class=\"elementor-element elementor-element-359c0b0 e-con-full e-flex e-con e-child\" data-id=\"359c0b0\" data-element_type=\"container\">\n\t\t\t\t<div class=\"elementor-element elementor-element-8ca6f97 elementor-widget elementor-widget-text-editor\" data-id=\"8ca6f97\" data-element_type=\"widget\" data-widget_type=\"text-editor.default\">\n\t\t\t\t<div class=\"elementor-widget-container\">\n\t\t\t<style>\/*! elementor - v3.21.0 - 25-04-2024 *\/\n.elementor-widget-text-editor.elementor-drop-cap-view-stacked .elementor-drop-cap{background-color:#69727d;color:#fff}.elementor-widget-text-editor.elementor-drop-cap-view-framed .elementor-drop-cap{color:#69727d;border:3px solid;background-color:transparent}.elementor-widget-text-editor:not(.elementor-drop-cap-view-default) .elementor-drop-cap{margin-top:8px}.elementor-widget-text-editor:not(.elementor-drop-cap-view-default) .elementor-drop-cap-letter{width:1em;height:1em}.elementor-widget-text-editor .elementor-drop-cap{float:left;text-align:center;line-height:1;font-size:50px}.elementor-widget-text-editor .elementor-drop-cap-letter{display:inline-block}<\/style>\t\t\t\t<h4 style=\"text-align: center;\"><span style=\"color: #000000;\">Chez AFM M\u00e9tallerie, nous sommes fiers de servir une vari\u00e9t\u00e9 de clients dans diff\u00e9rents domaines. <\/span><\/h4><h4 style=\"text-align: center;\"><span style=\"color: #000000;\"><span style=\"text-decoration: underline;\"><strong>Nos domaines principaux sont :<\/strong><\/span>\u00a0<\/span><\/h4><p style=\"text-align: center;\"><span style=\"color: #000000;\"><strong>Le B\u00e2timent :<\/strong> Nous sommes sp\u00e9cialis\u00e9s dans la fourniture de solutions de construction innovantes pour une large gamme de projets. <strong>Notre \u00e9quipe qualifi\u00e9e est pr\u00eate \u00e0 r\u00e9aliser vos vos projets.<\/strong><\/span><\/p><p style=\"text-align: center;\"><span style=\"color: #000000;\"><strong>L&rsquo;Agencements :<\/strong> Nous proposons des services d&rsquo;agencement sur mesure pour cr\u00e9er des environnements fonctionnels et esth\u00e9tiques.<strong> De la conception \u00e0 la r\u00e9alisation, nous sommes l\u00e0 pour donner vie \u00e0 vos projets.<\/strong><\/span><\/p><p style=\"text-align: center;\"><span style=\"color: #000000;\"><strong>L&rsquo;Industrie :<\/strong> \u00a0Nous fournissons <strong>des solutions sur mesure<\/strong> pour r\u00e9pondre \u00e0 vos besoins en mati\u00e8re de production, d&rsquo;assemblage et de logistique.<\/span><\/p><p style=\"text-align: center;\"><span style=\"color: #000000;\"><strong>Les Collectivit\u00e9s : Nous collaborons avec les collectivit\u00e9s locales et les organismes publics<\/strong> pour fournir des solutions d&rsquo;infrastructure durables et efficaces.\u00a0<\/span><\/p><p style=\"text-align: center;\"><span style=\"color: #000000;\"><strong>Les Particuliers :<\/strong> Pour les projets r\u00e9sidentiels, nous offrons une gamme compl\u00e8te de services, de la construction de maisons individuelles \u00e0 la r\u00e9novation de cuisines et de salles de bains. <strong>Notre approche personnalis\u00e9e garantit des r\u00e9sultats qui d\u00e9passent vos attentes.<\/strong><\/span><\/p><h3 style=\"text-align: center;\">\u00a0<\/h3>\t\t\t\t\t\t<\/div>\n\t\t\t\t<\/div>\n\t\t\t\t<\/div>\n\t\t<div class=\"elementor-element elementor-element-81303b6 e-con-full e-flex e-con e-child\" data-id=\"81303b6\" data-element_type=\"container\">\n\t\t\t\t<div class=\"elementor-element elementor-element-2b0b472 elementor-widget elementor-widget-image\" data-id=\"2b0b472\" data-element_type=\"widget\" data-widget_type=\"image.default\">\n\t\t\t\t<div class=\"elementor-widget-container\">\n\t\t\t<style>\/*! elementor - v3.21.0 - 25-04-2024 *\/\n.elementor-widget-image{text-align:center}.elementor-widget-image a{display:inline-block}.elementor-widget-image a img[src$=\".svg\"]{width:48px}.elementor-widget-image img{vertical-align:middle;display:inline-block}<\/style>\t\t\t\t\t\t\t\t\t\t<img fetchpriority=\"high\" decoding=\"async\" width=\"684\" height=\"1024\" src=\"https:\/\/afmmetallerie.fr\/wp-content\/uploads\/2024\/04\/IMG_8500-684x1024.jpg\" class=\"attachment-large size-large wp-image-408\" alt=\"\" srcset=\"https:\/\/afmmetallerie.fr\/wp-content\/uploads\/2024\/04\/IMG_8500-684x1024.jpg 684w, https:\/\/afmmetallerie.fr\/wp-content\/uploads\/2024\/04\/IMG_8500-200x300.jpg 200w, https:\/\/afmmetallerie.fr\/wp-content\/uploads\/2024\/04\/IMG_8500-scaled-1025x1536.jpg 1025w, https:\/\/afmmetallerie.fr\/wp-content\/uploads\/2024\/04\/IMG_8500-scaled-1367x2048.jpg 1367w, https:\/\/afmmetallerie.fr\/wp-content\/uploads\/2024\/04\/IMG_8500-scaled-600x899.jpg 600w, https:\/\/afmmetallerie.fr\/wp-content\/uploads\/2024\/04\/IMG_8500-scaled-1200x1798.jpg 1200w, https:\/\/afmmetallerie.fr\/wp-content\/uploads\/2024\/04\/IMG_8500-scaled.jpg 1709w\" sizes=\"100vw\" \/>\t\t\t\t\t\t\t\t\t\t\t\t\t<\/div>\n\t\t\t\t<\/div>\n\t\t\t\t<\/div>\n\t\t\t\t\t<\/div>\n\t\t\t\t<\/div>\n\t\t<div class=\"elementor-element elementor-element-a4bd94e e-flex e-con-boxed e-con e-parent\" data-id=\"a4bd94e\" data-element_type=\"container\">\n\t\t\t\t\t<div class=\"e-con-inner\">\n\t\t\t\t<div class=\"elementor-element elementor-element-7217007 elementor-widget-divider--view-line elementor-widget elementor-widget-divider\" data-id=\"7217007\" data-element_type=\"widget\" data-widget_type=\"divider.default\">\n\t\t\t\t<div class=\"elementor-widget-container\">\n\t\t\t<style>\/*! elementor - v3.21.0 - 25-04-2024 *\/\n.elementor-widget-divider{--divider-border-style:none;--divider-border-width:1px;--divider-color:#0c0d0e;--divider-icon-size:20px;--divider-element-spacing:10px;--divider-pattern-height:24px;--divider-pattern-size:20px;--divider-pattern-url:none;--divider-pattern-repeat:repeat-x}.elementor-widget-divider .elementor-divider{display:flex}.elementor-widget-divider .elementor-divider__text{font-size:15px;line-height:1;max-width:95%}.elementor-widget-divider .elementor-divider__element{margin:0 var(--divider-element-spacing);flex-shrink:0}.elementor-widget-divider .elementor-icon{font-size:var(--divider-icon-size)}.elementor-widget-divider .elementor-divider-separator{display:flex;margin:0;direction:ltr}.elementor-widget-divider--view-line_icon .elementor-divider-separator,.elementor-widget-divider--view-line_text .elementor-divider-separator{align-items:center}.elementor-widget-divider--view-line_icon .elementor-divider-separator:after,.elementor-widget-divider--view-line_icon .elementor-divider-separator:before,.elementor-widget-divider--view-line_text .elementor-divider-separator:after,.elementor-widget-divider--view-line_text .elementor-divider-separator:before{display:block;content:\"\";border-block-end:0;flex-grow:1;border-block-start:var(--divider-border-width) var(--divider-border-style) var(--divider-color)}.elementor-widget-divider--element-align-left .elementor-divider .elementor-divider-separator>.elementor-divider__svg:first-of-type{flex-grow:0;flex-shrink:100}.elementor-widget-divider--element-align-left .elementor-divider-separator:before{content:none}.elementor-widget-divider--element-align-left .elementor-divider__element{margin-left:0}.elementor-widget-divider--element-align-right .elementor-divider .elementor-divider-separator>.elementor-divider__svg:last-of-type{flex-grow:0;flex-shrink:100}.elementor-widget-divider--element-align-right .elementor-divider-separator:after{content:none}.elementor-widget-divider--element-align-right .elementor-divider__element{margin-right:0}.elementor-widget-divider--element-align-start .elementor-divider .elementor-divider-separator>.elementor-divider__svg:first-of-type{flex-grow:0;flex-shrink:100}.elementor-widget-divider--element-align-start .elementor-divider-separator:before{content:none}.elementor-widget-divider--element-align-start .elementor-divider__element{margin-inline-start:0}.elementor-widget-divider--element-align-end .elementor-divider .elementor-divider-separator>.elementor-divider__svg:last-of-type{flex-grow:0;flex-shrink:100}.elementor-widget-divider--element-align-end .elementor-divider-separator:after{content:none}.elementor-widget-divider--element-align-end .elementor-divider__element{margin-inline-end:0}.elementor-widget-divider:not(.elementor-widget-divider--view-line_text):not(.elementor-widget-divider--view-line_icon) .elementor-divider-separator{border-block-start:var(--divider-border-width) var(--divider-border-style) var(--divider-color)}.elementor-widget-divider--separator-type-pattern{--divider-border-style:none}.elementor-widget-divider--separator-type-pattern.elementor-widget-divider--view-line .elementor-divider-separator,.elementor-widget-divider--separator-type-pattern:not(.elementor-widget-divider--view-line) .elementor-divider-separator:after,.elementor-widget-divider--separator-type-pattern:not(.elementor-widget-divider--view-line) .elementor-divider-separator:before,.elementor-widget-divider--separator-type-pattern:not([class*=elementor-widget-divider--view]) .elementor-divider-separator{width:100%;min-height:var(--divider-pattern-height);-webkit-mask-size:var(--divider-pattern-size) 100%;mask-size:var(--divider-pattern-size) 100%;-webkit-mask-repeat:var(--divider-pattern-repeat);mask-repeat:var(--divider-pattern-repeat);background-color:var(--divider-color);-webkit-mask-image:var(--divider-pattern-url);mask-image:var(--divider-pattern-url)}.elementor-widget-divider--no-spacing{--divider-pattern-size:auto}.elementor-widget-divider--bg-round{--divider-pattern-repeat:round}.rtl .elementor-widget-divider .elementor-divider__text{direction:rtl}.e-con-inner>.elementor-widget-divider,.e-con>.elementor-widget-divider{width:var(--container-widget-width,100%);--flex-grow:var(--container-widget-flex-grow)}<\/style>\t\t<div class=\"elementor-divider\">\n\t\t\t<span class=\"elementor-divider-separator\">\n\t\t\t\t\t\t<\/span>\n\t\t<\/div>\n\t\t\t\t<\/div>\n\t\t\t\t<\/div>\n\t\t\t\t\t<\/div>\n\t\t\t\t<\/div>\n\t\t<div class=\"elementor-element elementor-element-17f4f6d e-flex e-con-boxed e-con e-parent\" data-id=\"17f4f6d\" data-element_type=\"container\">\n\t\t\t\t\t<div class=\"e-con-inner\">\n\t\t<div class=\"elementor-element elementor-element-677e27e e-con-full e-flex e-con e-child\" data-id=\"677e27e\" data-element_type=\"container\">\n\t\t\t\t<div class=\"elementor-element elementor-element-e37cfe9 elementor-widget elementor-widget-image\" data-id=\"e37cfe9\" data-element_type=\"widget\" data-widget_type=\"image.default\">\n\t\t\t\t<div class=\"elementor-widget-container\">\n\t\t\t\t\t\t\t\t\t\t\t\t\t<img decoding=\"async\" width=\"684\" height=\"1024\" src=\"https:\/\/afmmetallerie.fr\/wp-content\/uploads\/2024\/04\/IMG_7785-684x1024.jpg\" class=\"attachment-large size-large wp-image-656\" alt=\"\" srcset=\"https:\/\/afmmetallerie.fr\/wp-content\/uploads\/2024\/04\/IMG_7785-684x1024.jpg 684w, https:\/\/afmmetallerie.fr\/wp-content\/uploads\/2024\/04\/IMG_7785-200x300.jpg 200w, https:\/\/afmmetallerie.fr\/wp-content\/uploads\/2024\/04\/IMG_7785-scaled-1025x1536.jpg 1025w, https:\/\/afmmetallerie.fr\/wp-content\/uploads\/2024\/04\/IMG_7785-scaled-1367x2048.jpg 1367w, https:\/\/afmmetallerie.fr\/wp-content\/uploads\/2024\/04\/IMG_7785-scaled-600x899.jpg 600w, https:\/\/afmmetallerie.fr\/wp-content\/uploads\/2024\/04\/IMG_7785-scaled-1200x1798.jpg 1200w, https:\/\/afmmetallerie.fr\/wp-content\/uploads\/2024\/04\/IMG_7785-scaled.jpg 1709w\" sizes=\"100vw\" \/>\t\t\t\t\t\t\t\t\t\t\t\t\t<\/div>\n\t\t\t\t<\/div>\n\t\t\t\t<\/div>\n\t\t<div class=\"elementor-element elementor-element-344ba68 e-con-full e-flex e-con e-child\" data-id=\"344ba68\" data-element_type=\"container\">\n\t\t\t\t<div class=\"elementor-element elementor-element-21ebd2d elementor-widget elementor-widget-text-editor\" data-id=\"21ebd2d\" data-element_type=\"widget\" data-widget_type=\"text-editor.default\">\n\t\t\t\t<div class=\"elementor-widget-container\">\n\t\t\t\t\t\t\t<h3 style=\"text-align: center;\"><span style=\"color: #000000;\">\u00a0<\/span><\/h3><h3 style=\"text-align: center;\"><span style=\"color: #000000;\">\u00a0<\/span><\/h3><h3 style=\"text-align: center;\"><span style=\"font-size: 1.5rem;\">Quel que soit votre secteur d&rsquo;activit\u00e9, nous sommes d\u00e9termin\u00e9s \u00e0 fournir des solutions de qualit\u00e9.<\/span><\/h3><h3 style=\"text-align: center;\"><span style=\"color: #000000;\">\u00a0<\/span><\/h3><h3 style=\"text-align: center;\"><span style=\"color: #000000;\">\u00a0<\/span><\/h3><h3 style=\"text-align: center;\"><span style=\"font-size: 1.5rem;\">\u00a0Contactez-nous d\u00e8s aujourd&rsquo;hui pour discuter de vos besoins et d\u00e9couvrir comment nous pouvons vous aider \u00e0 atteindre vos objectifs.<\/span><\/h3>\t\t\t\t\t\t<\/div>\n\t\t\t\t<\/div>\n\t\t\t\t<\/div>\n\t\t\t\t\t<\/div>\n\t\t\t\t<\/div>\n\t\t\t\t<\/div>\n\t\t","protected":false},"excerpt":{"rendered":"<p>Notre entreprise est sp\u00e9cialis\u00e9es dans plusieurs secteurs d&rsquo;activit\u00e9s. Chez AFM M\u00e9tallerie, nous sommes fiers de servir une vari\u00e9t\u00e9 de clients dans diff\u00e9rents domaines. Nos domaines principaux sont :\u00a0 Le B\u00e2timent : Nous sommes sp\u00e9cialis\u00e9s dans la fourniture de solutions de construction innovantes pour une large gamme de projets. Notre \u00e9quipe qualifi\u00e9e est pr\u00eate \u00e0 r\u00e9aliser &hellip; <\/p>\n<p class=\"link-more\"><a href=\"https:\/\/afmmetallerie.fr\/index.php\/secteurs-dactivites\/\" class=\"more-link\">Lire la suite de<span class=\"screen-reader-text\">\u00ab\u00a0Secteurs d&rsquo;activit\u00e9s\u00a0\u00bb<\/span><\/a><\/p>\n","protected":false},"author":1,"featured_media":0,"parent":0,"menu_order":0,"comment_status":"closed","ping_status":"closed","template":"","meta":{"footnotes":""},"class_list":["post-313","page","type-page","status-publish","hentry"],"featured_media_urls":[],"_links":{"self":[{"href":"https:\/\/afmmetallerie.fr\/index.php\/wp-json\/wp\/v2\/pages\/313","targetHints":{"allow":["GET"]}}],"collection":[{"href":"https:\/\/afmmetallerie.fr\/index.php\/wp-json\/wp\/v2\/pages"}],"about":[{"href":"https:\/\/afmmetallerie.fr\/index.php\/wp-json\/wp\/v2\/types\/page"}],"author":[{"embeddable":true,"href":"https:\/\/afmmetallerie.fr\/index.php\/wp-json\/wp\/v2\/users\/1"}],"replies":[{"embeddable":true,"href":"https:\/\/afmmetallerie.fr\/index.php\/wp-json\/wp\/v2\/comments?post=313"}],"version-history":[{"count":16,"href":"https:\/\/afmmetallerie.fr\/index.php\/wp-json\/wp\/v2\/pages\/313\/revisions"}],"predecessor-version":[{"id":7591,"href":"https:\/\/afmmetallerie.fr\/index.php\/wp-json\/wp\/v2\/pages\/313\/revisions\/7591"}],"wp:attachment":[{"href":"https:\/\/afmmetallerie.fr\/index.php\/wp-json\/wp\/v2\/media?parent=313"}],"curies":[{"name":"wp","href":"https:\/\/api.w.org\/{rel}","templated":true}]}}